{"id":107,"date":"2022-05-10T21:03:28","date_gmt":"2022-05-10T21:03:28","guid":{"rendered":"https:\/\/vidaplena.com.co\/tienda\/?page_id=107"},"modified":"2022-05-16T16:04:38","modified_gmt":"2022-05-16T16:04:38","slug":"carrito","status":"publish","type":"page","link":"https:\/\/vidaplena.com.co\/tienda\/carrito\/","title":{"rendered":"Carrito"},"content":{"rendered":"<p>[et_pb_section fb_built=&#8221;1&#8243; custom_padding_last_edited=&#8221;on|desktop&#8221; _builder_version=&#8221;4.17.4&#8243; use_background_color_gradient=&#8221;on&#8221; background_color_gradient_direction=&#8221;91deg&#8221; background_color_gradient_stops=&#8221;#2b87da 0%|#ffffff 94%&#8221; background_image=&#8221;https:\/\/vidaplena.com.co\/tienda\/wp-content\/uploads\/2022\/05\/tienda.jpg&#8221; background_blend=&#8221;multiply&#8221; custom_padding=&#8221;100px|0px|100px|0px|false|false&#8221; custom_padding_tablet=&#8221;&#8221; custom_padding_phone=&#8221;50px||50px|&#8221; top_divider_height=&#8221;66px&#8221; top_divider_flip=&#8221;vertical&#8221; bottom_divider_style=&#8221;ramp2&#8243; bottom_divider_color=&#8221;#ffffff&#8221; bottom_divider_height=&#8221;67px&#8221; locked=&#8221;off&#8221; global_colors_info=&#8221;{}&#8221;][et_pb_row column_structure=&#8221;1_2,1_2&#8243; _builder_version=&#8221;4.16&#8243; global_colors_info=&#8221;{}&#8221;][et_pb_column type=&#8221;1_2&#8243; _builder_version=&#8221;4.16&#8243; custom_padding=&#8221;|||&#8221; global_colors_info=&#8221;{}&#8221; custom_padding__hover=&#8221;|||&#8221;][et_pb_text _builder_version=&#8221;4.17.3&#8243; header_font=&#8221;||||||||&#8221; header_font_size=&#8221;34px&#8221; header_line_height=&#8221;1.9em&#8221; header_2_font=&#8221;|700|||||||&#8221; header_2_text_color=&#8221;#3075ac&#8221; header_2_font_size=&#8221;43px&#8221; locked=&#8221;off&#8221; global_colors_info=&#8221;{}&#8221;]<\/p>\n<h1><span style=\"font-size: 39px;\"><strong><span color=\"#ffffff\" style=\"color: #ffffff;\"><b>Carrito<\/b><\/span><\/strong><\/span><\/h1>\n<p>[\/et_pb_text][\/et_pb_column][et_pb_column type=&#8221;1_2&#8243; _builder_version=&#8221;4.16&#8243; custom_padding=&#8221;|||&#8221; global_colors_info=&#8221;{}&#8221; custom_padding__hover=&#8221;|||&#8221;][\/et_pb_column][\/et_pb_row][\/et_pb_section][et_pb_section fb_built=&#8221;1&#8243; _builder_version=&#8221;4.17.3&#8243; _module_preset=&#8221;default&#8221; custom_padding=&#8221;80px|||||&#8221; global_colors_info=&#8221;{}&#8221;][et_pb_row _builder_version=&#8221;4.17.3&#8243; _module_preset=&#8221;default&#8221; global_colors_info=&#8221;{}&#8221;][et_pb_column type=&#8221;4_4&#8243; _builder_version=&#8221;4.17.3&#8243; _module_preset=&#8221;default&#8221; global_colors_info=&#8221;{}&#8221;][et_pb_wc_cart_products _builder_version=&#8221;4.17.4&#8243; _module_preset=&#8221;default&#8221; hover_enabled=&#8221;0&#8243; global_colors_info=&#8221;{}&#8221; icon_text_color=&#8221;#0C71C3&#8243; icon_font_size=&#8221;1.7em&#8221; border_radii_image=&#8221;on|4px|4px|4px|4px&#8221; table_header_text_color=&#8221;#0C71C3&#8243; table_header_font_size=&#8221;17px&#8221; sticky_enabled=&#8221;0&#8243;][\/et_pb_wc_cart_products][\/et_pb_column][\/et_pb_row][et_pb_row column_structure=&#8221;1_2,1_2&#8243; _builder_version=&#8221;4.17.3&#8243; _module_preset=&#8221;default&#8221; global_colors_info=&#8221;{}&#8221;][et_pb_column type=&#8221;1_2&#8243; _builder_version=&#8221;4.17.3&#8243; _module_preset=&#8221;default&#8221; global_colors_info=&#8221;{}&#8221;][\/et_pb_column][et_pb_column type=&#8221;1_2&#8243; _builder_version=&#8221;4.17.3&#8243; _module_preset=&#8221;default&#8221; global_colors_info=&#8221;{}&#8221;][et_pb_wc_cart_totals _builder_version=&#8221;4.17.3&#8243; _module_preset=&#8221;default&#8221; hover_enabled=&#8221;0&#8243; global_colors_info=&#8221;{}&#8221; sticky_enabled=&#8221;0&#8243;][\/et_pb_wc_cart_totals][\/et_pb_column][\/et_pb_row][\/et_pb_section][et_pb_section fb_built=&#8221;1&#8243; module_id=&#8221;citas&#8221; _builder_version=&#8221;4.16&#8243; background_color=&#8221;#3075ac&#8221; locked=&#8221;off&#8221; global_colors_info=&#8221;{}&#8221;][et_pb_row _builder_version=&#8221;4.16&#8243; global_colors_info=&#8221;{}&#8221;][et_pb_column type=&#8221;4_4&#8243; _builder_version=&#8221;4.16&#8243; custom_padding=&#8221;|||&#8221; global_colors_info=&#8221;{}&#8221; custom_padding__hover=&#8221;|||&#8221;][et_pb_text _builder_version=&#8221;4.16&#8243; header_font=&#8221;||||||||&#8221; header_2_font=&#8221;|700|||||||&#8221; header_2_text_color=&#8221;#3075ac&#8221; header_2_font_size=&#8221;43px&#8221; global_colors_info=&#8221;{}&#8221;]<\/p>\n<h2 style=\"text-align: center;\"><span style=\"color: #ffffff;\">Inicia tu VIDA PLENA solicitando tu Cita&#8230;<\/span><\/h2>\n<p>[\/et_pb_text][\/et_pb_column][\/et_pb_row][et_pb_row column_structure=&#8221;1_2,1_2&#8243; _builder_version=&#8221;4.16&#8243; global_colors_info=&#8221;{}&#8221;][et_pb_column type=&#8221;1_2&#8243; _builder_version=&#8221;4.16&#8243; custom_padding=&#8221;|||&#8221; global_colors_info=&#8221;{}&#8221; custom_padding__hover=&#8221;|||&#8221;][et_pb_text _builder_version=&#8221;4.16&#8243; header_font=&#8221;||||||||&#8221; header_2_font=&#8221;|700|||||||&#8221; global_colors_info=&#8221;{}&#8221;]<\/p>\n<h2 style=\"text-align: left;\"><span style=\"color: #ffffff;\">LL\u00c1MANOS<\/span><\/h2>\n<p>[\/et_pb_text][et_pb_text _builder_version=&#8221;4.16&#8243; text_font=&#8221;||||||||&#8221; text_line_height=&#8221;1em&#8221; global_colors_info=&#8221;{}&#8221;]<\/p>\n<p style=\"text-align: left;\"><span style=\"color: #ffffff;\"><strong>Bogot\u00e1 <\/strong><\/span><\/p>\n<p><span style=\"color: #ffffff;\">Avenida Cra. 19 # 108-35 Local 1<\/span><\/p>\n<p><span style=\"color: #ffffff;\">WhatsApp\u00a0<span style=\"font-size: 16px;\">+57 317 538 5650 | +57\u00a0315 572 9586<\/span><\/span><\/p>\n<p style=\"text-align: left;\">[\/et_pb_text][et_pb_text _builder_version=&#8221;4.16&#8243; text_font=&#8221;||||||||&#8221; text_line_height=&#8221;1em&#8221; global_colors_info=&#8221;{}&#8221;]<\/p>\n<p style=\"text-align: left;\"><strong><span style=\"color: #ffffff;\">Barranquilla <\/span><\/strong><\/p>\n<p style=\"text-align: left;\"><span style=\"color: #ffffff;\"><span>Carrera 50 # 82-59<\/span><\/span><\/p>\n<p style=\"text-align: left;\"><span style=\"color: #ffffff;\">+57 5 378 5005 | WhatsApp +57 315 325 7145 &#8211; + 57 317 538 5649<\/span><\/p>\n<p>[\/et_pb_text][\/et_pb_column][et_pb_column type=&#8221;1_2&#8243; _builder_version=&#8221;4.16&#8243; custom_padding=&#8221;|||&#8221; global_colors_info=&#8221;{}&#8221; custom_padding__hover=&#8221;|||&#8221;][et_pb_text disabled_on=&#8221;off|off|off&#8221; _builder_version=&#8221;4.16&#8243; header_font=&#8221;||||||||&#8221; header_2_font=&#8221;|700|||||||&#8221; global_colors_info=&#8221;{}&#8221;]<\/p>\n<h2 style=\"text-align: left;\"><span style=\"color: #ffffff;\">TE LLAMAMOS<\/span><\/h2>\n<p>[\/et_pb_text][et_pb_code _builder_version=&#8221;4.16&#8243; global_colors_info=&#8221;{}&#8221;]<script type=\"text\/javascript\" src=\"https:\/\/clientify.net\/web-marketing\/superforms\/script\/34422.js\"><\/script>[\/et_pb_code][\/et_pb_column][\/et_pb_row][\/et_pb_section][et_pb_section fb_built=&#8221;1&#8243; module_id=&#8221;citas&#8221; _builder_version=&#8221;4.16&#8243; background_color=&#8221;#3075ac&#8221; custom_padding=&#8221;0|0px|0|0px|false|false&#8221; locked=&#8221;off&#8221; global_colors_info=&#8221;{}&#8221;][et_pb_row _builder_version=&#8221;4.16&#8243; global_colors_info=&#8221;{}&#8221;][et_pb_column type=&#8221;4_4&#8243; _builder_version=&#8221;4.16&#8243; custom_padding=&#8221;|||&#8221; global_colors_info=&#8221;{}&#8221; custom_padding__hover=&#8221;|||&#8221;][et_pb_text _builder_version=&#8221;4.16&#8243; text_font=&#8221;||||||||&#8221; text_font_size=&#8221;11px&#8221; text_line_height=&#8221;1em&#8221; global_colors_info=&#8221;{}&#8221;]<\/p>\n<p style=\"text-align: left;\"><span style=\"color: #ffffff;\"><span><\/span><\/span><\/p>\n<p style=\"text-align: right;\"><span color=\"#ffffff\" style=\"color: #ffffff;\"><a href=\"https:\/\/vidaplena.com.co\/nuestra-compania\/\" rel=\"nofollow\" style=\"color: #ffffff;\">Nuestra Compa\u00f1\u00eda<\/a> | <a href=\"https:\/\/vidaplena.com.co\/terminos-y-condiciones\/\" rel=\"nofollow\" style=\"color: #ffffff;\">T\u00e9rminos y condiciones<\/a><\/span><\/p>\n<p>[\/et_pb_text][\/et_pb_column][\/et_pb_row][\/et_pb_section]<\/p>\n","protected":false},"excerpt":{"rendered":"<p>CarritoInicia tu VIDA PLENA solicitando tu Cita&#8230;LL\u00c1MANOSBogot\u00e1 Avenida Cra. 19 # 108-35 Local 1 WhatsApp\u00a0+57 317 538 5650 | +57\u00a0315 572 9586 Barranquilla Carrera 50 # 82-59 +57 5 378 5005 | WhatsApp +57 315 325 7145 &#8211; + 57 317 538 5649TE LLAMAMOS Nuestra Compa\u00f1\u00eda | T\u00e9rminos y condiciones<\/p>\n","protected":false},"author":1,"featured_media":0,"parent":0,"menu_order":0,"comment_status":"closed","ping_status":"closed","template":"","meta":{"nf_dc_page":"","_et_pb_use_builder":"on","_et_pb_old_content":"<!-- wp:divi\/placeholder \/-->","_et_gb_content_width":"","footnotes":""},"class_list":["post-107","page","type-page","status-publish","hentry"],"yoast_head":"<!-- This site is optimized with the Yoast SEO plugin v27.4 - https:\/\/yoast.com\/product\/yoast-seo-wordpress\/ -->\n<title>Carrito - Tienda Vida Plena<\/title>\n<meta name=\"robots\" content=\"index, follow, max-snippet:-1, max-image-preview:large, max-video-preview:-1\" \/>\n<link rel=\"canonical\" href=\"https:\/\/vidaplena.com.co\/tienda\/carrito\/\" \/>\n<meta property=\"og:locale\" content=\"es_ES\" \/>\n<meta property=\"og:type\" content=\"article\" \/>\n<meta property=\"og:title\" content=\"Carrito - Tienda Vida Plena\" \/>\n<meta property=\"og:description\" content=\"CarritoInicia tu VIDA PLENA solicitando tu Cita...LL\u00c1MANOSBogot\u00e1 Avenida Cra. 19 # 108-35 Local 1 WhatsApp\u00a0+57 317 538 5650 | +57\u00a0315 572 9586 Barranquilla Carrera 50 # 82-59 +57 5 378 5005 | WhatsApp +57 315 325 7145 - + 57 317 538 5649TE LLAMAMOS Nuestra Compa\u00f1\u00eda | T\u00e9rminos y condiciones\" \/>\n<meta property=\"og:url\" content=\"https:\/\/vidaplena.com.co\/tienda\/carrito\/\" \/>\n<meta property=\"og:site_name\" content=\"Tienda Vida Plena\" \/>\n<meta property=\"article:modified_time\" content=\"2022-05-16T16:04:38+00:00\" \/>\n<meta name=\"twitter:card\" content=\"summary_large_image\" \/>\n<script type=\"application\/ld+json\" class=\"yoast-schema-graph\">{\"@context\":\"https:\\\/\\\/schema.org\",\"@graph\":[{\"@type\":\"WebPage\",\"@id\":\"https:\\\/\\\/vidaplena.com.co\\\/tienda\\\/carrito\\\/\",\"url\":\"https:\\\/\\\/vidaplena.com.co\\\/tienda\\\/carrito\\\/\",\"name\":\"Carrito - Tienda Vida Plena\",\"isPartOf\":{\"@id\":\"https:\\\/\\\/vidaplena.com.co\\\/tienda\\\/#website\"},\"datePublished\":\"2022-05-10T21:03:28+00:00\",\"dateModified\":\"2022-05-16T16:04:38+00:00\",\"breadcrumb\":{\"@id\":\"https:\\\/\\\/vidaplena.com.co\\\/tienda\\\/carrito\\\/#breadcrumb\"},\"inLanguage\":\"es\",\"potentialAction\":[{\"@type\":\"ReadAction\",\"target\":[\"https:\\\/\\\/vidaplena.com.co\\\/tienda\\\/carrito\\\/\"]}]},{\"@type\":\"BreadcrumbList\",\"@id\":\"https:\\\/\\\/vidaplena.com.co\\\/tienda\\\/carrito\\\/#breadcrumb\",\"itemListElement\":[{\"@type\":\"ListItem\",\"position\":1,\"name\":\"Home\",\"item\":\"https:\\\/\\\/vidaplena.com.co\\\/tienda\\\/\"},{\"@type\":\"ListItem\",\"position\":2,\"name\":\"Carrito\"}]},{\"@type\":\"WebSite\",\"@id\":\"https:\\\/\\\/vidaplena.com.co\\\/tienda\\\/#website\",\"url\":\"https:\\\/\\\/vidaplena.com.co\\\/tienda\\\/\",\"name\":\"Tienda Vida Plena\",\"description\":\"Productos de Medicina Alternativa\",\"potentialAction\":[{\"@type\":\"SearchAction\",\"target\":{\"@type\":\"EntryPoint\",\"urlTemplate\":\"https:\\\/\\\/vidaplena.com.co\\\/tienda\\\/?s={search_term_string}\"},\"query-input\":{\"@type\":\"PropertyValueSpecification\",\"valueRequired\":true,\"valueName\":\"search_term_string\"}}],\"inLanguage\":\"es\"}]}<\/script>\n<!-- \/ Yoast SEO plugin. -->","yoast_head_json":{"title":"Carrito - Tienda Vida Plena","robots":{"index":"index","follow":"follow","max-snippet":"max-snippet:-1","max-image-preview":"max-image-preview:large","max-video-preview":"max-video-preview:-1"},"canonical":"https:\/\/vidaplena.com.co\/tienda\/carrito\/","og_locale":"es_ES","og_type":"article","og_title":"Carrito - Tienda Vida Plena","og_description":"CarritoInicia tu VIDA PLENA solicitando tu Cita...LL\u00c1MANOSBogot\u00e1 Avenida Cra. 19 # 108-35 Local 1 WhatsApp\u00a0+57 317 538 5650 | +57\u00a0315 572 9586 Barranquilla Carrera 50 # 82-59 +57 5 378 5005 | WhatsApp +57 315 325 7145 - + 57 317 538 5649TE LLAMAMOS Nuestra Compa\u00f1\u00eda | T\u00e9rminos y condiciones","og_url":"https:\/\/vidaplena.com.co\/tienda\/carrito\/","og_site_name":"Tienda Vida Plena","article_modified_time":"2022-05-16T16:04:38+00:00","twitter_card":"summary_large_image","schema":{"@context":"https:\/\/schema.org","@graph":[{"@type":"WebPage","@id":"https:\/\/vidaplena.com.co\/tienda\/carrito\/","url":"https:\/\/vidaplena.com.co\/tienda\/carrito\/","name":"Carrito - Tienda Vida Plena","isPartOf":{"@id":"https:\/\/vidaplena.com.co\/tienda\/#website"},"datePublished":"2022-05-10T21:03:28+00:00","dateModified":"2022-05-16T16:04:38+00:00","breadcrumb":{"@id":"https:\/\/vidaplena.com.co\/tienda\/carrito\/#breadcrumb"},"inLanguage":"es","potentialAction":[{"@type":"ReadAction","target":["https:\/\/vidaplena.com.co\/tienda\/carrito\/"]}]},{"@type":"BreadcrumbList","@id":"https:\/\/vidaplena.com.co\/tienda\/carrito\/#breadcrumb","itemListElement":[{"@type":"ListItem","position":1,"name":"Home","item":"https:\/\/vidaplena.com.co\/tienda\/"},{"@type":"ListItem","position":2,"name":"Carrito"}]},{"@type":"WebSite","@id":"https:\/\/vidaplena.com.co\/tienda\/#website","url":"https:\/\/vidaplena.com.co\/tienda\/","name":"Tienda Vida Plena","description":"Productos de Medicina Alternativa","potentialAction":[{"@type":"SearchAction","target":{"@type":"EntryPoint","urlTemplate":"https:\/\/vidaplena.com.co\/tienda\/?s={search_term_string}"},"query-input":{"@type":"PropertyValueSpecification","valueRequired":true,"valueName":"search_term_string"}}],"inLanguage":"es"}]}},"_links":{"self":[{"href":"https:\/\/vidaplena.com.co\/tienda\/wp-json\/wp\/v2\/pages\/107","targetHints":{"allow":["GET"]}}],"collection":[{"href":"https:\/\/vidaplena.com.co\/tienda\/wp-json\/wp\/v2\/pages"}],"about":[{"href":"https:\/\/vidaplena.com.co\/tienda\/wp-json\/wp\/v2\/types\/page"}],"author":[{"embeddable":true,"href":"https:\/\/vidaplena.com.co\/tienda\/wp-json\/wp\/v2\/users\/1"}],"replies":[{"embeddable":true,"href":"https:\/\/vidaplena.com.co\/tienda\/wp-json\/wp\/v2\/comments?post=107"}],"version-history":[{"count":4,"href":"https:\/\/vidaplena.com.co\/tienda\/wp-json\/wp\/v2\/pages\/107\/revisions"}],"predecessor-version":[{"id":150,"href":"https:\/\/vidaplena.com.co\/tienda\/wp-json\/wp\/v2\/pages\/107\/revisions\/150"}],"wp:attachment":[{"href":"https:\/\/vidaplena.com.co\/tienda\/wp-json\/wp\/v2\/media?parent=107"}],"curies":[{"name":"wp","href":"https:\/\/api.w.org\/{rel}","templated":true}]}}