{"id":136,"date":"2022-05-13T21:18:32","date_gmt":"2022-05-13T21:18:32","guid":{"rendered":"https:\/\/vidaplena.com.co\/tienda\/?post_type=product&#038;p=136"},"modified":"2022-06-17T20:21:20","modified_gmt":"2022-06-17T20:21:20","slug":"tarjeta-regalo-2","status":"publish","type":"product","link":"https:\/\/vidaplena.com.co\/tienda\/producto\/tarjeta-regalo-2\/","title":{"rendered":"Tarjeta Regalo"},"content":{"rendered":"<p>Esta tarjetas de regalos esta compuesta por una consulta m\u00e9dica, esc\u00e1ner de \u00f3rganos y una desintoxicaci\u00f3n i\u00f3nica por un \u00a1valor insuperable!<\/p>\n","protected":false},"excerpt":{"rendered":"<p>\u00a1No pierdas la oportunidad de regalar salud y una vida plena a tus seres queridos!<\/p>\n","protected":false},"featured_media":167,"comment_status":"open","ping_status":"closed","template":"","meta":{"nf_dc_page":"","_et_pb_use_builder":"","_et_pb_old_content":"","_et_gb_content_width":""},"product_brand":[],"product_cat":[20],"product_tag":[],"class_list":{"0":"post-136","1":"product","2":"type-product","3":"status-publish","4":"has-post-thumbnail","6":"product_cat-regalos","8":"first","9":"instock","10":"downloadable","11":"taxable","12":"shipping-taxable","13":"purchasable","14":"product-type-simple"},"yoast_head":"<!-- This site is optimized with the Yoast SEO plugin v27.4 - https:\/\/yoast.com\/product\/yoast-seo-wordpress\/ -->\n<title>Tarjeta Regalo - Tienda Vida Plena<\/title>\n<meta name=\"description\" content=\"\u00a1No pierdas la oportunidad de regalar salud y una vida plena a tus seres queridos con esta Tarjeta de Regalo!\" \/>\n<meta name=\"robots\" content=\"index, follow, max-snippet:-1, max-image-preview:large, max-video-preview:-1\" \/>\n<link rel=\"canonical\" href=\"https:\/\/vidaplena.com.co\/tienda\/producto\/tarjeta-regalo-2\/\" \/>\n<meta property=\"og:locale\" content=\"es_ES\" \/>\n<meta property=\"og:type\" content=\"article\" \/>\n<meta property=\"og:title\" content=\"Tarjeta Regalo - Tienda Vida Plena\" \/>\n<meta property=\"og:description\" content=\"\u00a1No pierdas la oportunidad de regalar salud y una vida plena a tus seres queridos con esta Tarjeta de Regalo!\" \/>\n<meta property=\"og:url\" content=\"https:\/\/vidaplena.com.co\/tienda\/producto\/tarjeta-regalo-2\/\" \/>\n<meta property=\"og:site_name\" content=\"Tienda Vida Plena\" \/>\n<meta property=\"article:modified_time\" content=\"2022-06-17T20:21:20+00:00\" \/>\n<meta property=\"og:image\" content=\"https:\/\/vidaplena.com.co\/tienda\/wp-content\/uploads\/2022\/05\/03-1.jpg\" \/>\n\t<meta property=\"og:image:width\" content=\"1200\" \/>\n\t<meta property=\"og:image:height\" content=\"1200\" \/>\n\t<meta property=\"og:image:type\" content=\"image\/jpeg\" \/>\n<meta name=\"twitter:card\" content=\"summary_large_image\" \/>\n<meta name=\"twitter:label1\" content=\"Tiempo de lectura\" \/>\n\t<meta name=\"twitter:data1\" content=\"1 minuto\" \/>\n<script type=\"application\/ld+json\" class=\"yoast-schema-graph\">{\"@context\":\"https:\\\/\\\/schema.org\",\"@graph\":[{\"@type\":\"WebPage\",\"@id\":\"https:\\\/\\\/vidaplena.com.co\\\/tienda\\\/producto\\\/tarjeta-regalo-2\\\/\",\"url\":\"https:\\\/\\\/vidaplena.com.co\\\/tienda\\\/producto\\\/tarjeta-regalo-2\\\/\",\"name\":\"Tarjeta Regalo - Tienda Vida Plena\",\"isPartOf\":{\"@id\":\"https:\\\/\\\/vidaplena.com.co\\\/tienda\\\/#website\"},\"primaryImageOfPage\":{\"@id\":\"https:\\\/\\\/vidaplena.com.co\\\/tienda\\\/producto\\\/tarjeta-regalo-2\\\/#primaryimage\"},\"image\":{\"@id\":\"https:\\\/\\\/vidaplena.com.co\\\/tienda\\\/producto\\\/tarjeta-regalo-2\\\/#primaryimage\"},\"thumbnailUrl\":\"https:\\\/\\\/vidaplena.com.co\\\/tienda\\\/wp-content\\\/uploads\\\/2022\\\/05\\\/03-1.jpg\",\"datePublished\":\"2022-05-13T21:18:32+00:00\",\"dateModified\":\"2022-06-17T20:21:20+00:00\",\"description\":\"\u00a1No pierdas la oportunidad de regalar salud y una vida plena a tus seres queridos con esta Tarjeta de Regalo!\",\"breadcrumb\":{\"@id\":\"https:\\\/\\\/vidaplena.com.co\\\/tienda\\\/producto\\\/tarjeta-regalo-2\\\/#breadcrumb\"},\"inLanguage\":\"es\",\"potentialAction\":[{\"@type\":\"ReadAction\",\"target\":[\"https:\\\/\\\/vidaplena.com.co\\\/tienda\\\/producto\\\/tarjeta-regalo-2\\\/\"]}]},{\"@type\":\"ImageObject\",\"inLanguage\":\"es\",\"@id\":\"https:\\\/\\\/vidaplena.com.co\\\/tienda\\\/producto\\\/tarjeta-regalo-2\\\/#primaryimage\",\"url\":\"https:\\\/\\\/vidaplena.com.co\\\/tienda\\\/wp-content\\\/uploads\\\/2022\\\/05\\\/03-1.jpg\",\"contentUrl\":\"https:\\\/\\\/vidaplena.com.co\\\/tienda\\\/wp-content\\\/uploads\\\/2022\\\/05\\\/03-1.jpg\",\"width\":1200,\"height\":1200},{\"@type\":\"BreadcrumbList\",\"@id\":\"https:\\\/\\\/vidaplena.com.co\\\/tienda\\\/producto\\\/tarjeta-regalo-2\\\/#breadcrumb\",\"itemListElement\":[{\"@type\":\"ListItem\",\"position\":1,\"name\":\"Home\",\"item\":\"https:\\\/\\\/vidaplena.com.co\\\/tienda\\\/\"},{\"@type\":\"ListItem\",\"position\":2,\"name\":\"Tienda\",\"item\":\"https:\\\/\\\/vidaplena.com.co\\\/tienda\\\/\"},{\"@type\":\"ListItem\",\"position\":3,\"name\":\"Tarjeta Regalo\"}]},{\"@type\":\"WebSite\",\"@id\":\"https:\\\/\\\/vidaplena.com.co\\\/tienda\\\/#website\",\"url\":\"https:\\\/\\\/vidaplena.com.co\\\/tienda\\\/\",\"name\":\"Tienda Vida Plena\",\"description\":\"Productos de Medicina Alternativa\",\"potentialAction\":[{\"@type\":\"SearchAction\",\"target\":{\"@type\":\"EntryPoint\",\"urlTemplate\":\"https:\\\/\\\/vidaplena.com.co\\\/tienda\\\/?s={search_term_string}\"},\"query-input\":{\"@type\":\"PropertyValueSpecification\",\"valueRequired\":true,\"valueName\":\"search_term_string\"}}],\"inLanguage\":\"es\"}]}<\/script>\n<!-- \/ Yoast SEO plugin. -->","yoast_head_json":{"title":"Tarjeta Regalo - Tienda Vida Plena","description":"\u00a1No pierdas la oportunidad de regalar salud y una vida plena a tus seres queridos con esta Tarjeta de Regalo!","robots":{"index":"index","follow":"follow","max-snippet":"max-snippet:-1","max-image-preview":"max-image-preview:large","max-video-preview":"max-video-preview:-1"},"canonical":"https:\/\/vidaplena.com.co\/tienda\/producto\/tarjeta-regalo-2\/","og_locale":"es_ES","og_type":"article","og_title":"Tarjeta Regalo - Tienda Vida Plena","og_description":"\u00a1No pierdas la oportunidad de regalar salud y una vida plena a tus seres queridos con esta Tarjeta de Regalo!","og_url":"https:\/\/vidaplena.com.co\/tienda\/producto\/tarjeta-regalo-2\/","og_site_name":"Tienda Vida Plena","article_modified_time":"2022-06-17T20:21:20+00:00","og_image":[{"width":1200,"height":1200,"url":"https:\/\/vidaplena.com.co\/tienda\/wp-content\/uploads\/2022\/05\/03-1.jpg","type":"image\/jpeg"}],"twitter_card":"summary_large_image","twitter_misc":{"Tiempo de lectura":"1 minuto"},"schema":{"@context":"https:\/\/schema.org","@graph":[{"@type":"WebPage","@id":"https:\/\/vidaplena.com.co\/tienda\/producto\/tarjeta-regalo-2\/","url":"https:\/\/vidaplena.com.co\/tienda\/producto\/tarjeta-regalo-2\/","name":"Tarjeta Regalo - Tienda Vida Plena","isPartOf":{"@id":"https:\/\/vidaplena.com.co\/tienda\/#website"},"primaryImageOfPage":{"@id":"https:\/\/vidaplena.com.co\/tienda\/producto\/tarjeta-regalo-2\/#primaryimage"},"image":{"@id":"https:\/\/vidaplena.com.co\/tienda\/producto\/tarjeta-regalo-2\/#primaryimage"},"thumbnailUrl":"https:\/\/vidaplena.com.co\/tienda\/wp-content\/uploads\/2022\/05\/03-1.jpg","datePublished":"2022-05-13T21:18:32+00:00","dateModified":"2022-06-17T20:21:20+00:00","description":"\u00a1No pierdas la oportunidad de regalar salud y una vida plena a tus seres queridos con esta Tarjeta de Regalo!","breadcrumb":{"@id":"https:\/\/vidaplena.com.co\/tienda\/producto\/tarjeta-regalo-2\/#breadcrumb"},"inLanguage":"es","potentialAction":[{"@type":"ReadAction","target":["https:\/\/vidaplena.com.co\/tienda\/producto\/tarjeta-regalo-2\/"]}]},{"@type":"ImageObject","inLanguage":"es","@id":"https:\/\/vidaplena.com.co\/tienda\/producto\/tarjeta-regalo-2\/#primaryimage","url":"https:\/\/vidaplena.com.co\/tienda\/wp-content\/uploads\/2022\/05\/03-1.jpg","contentUrl":"https:\/\/vidaplena.com.co\/tienda\/wp-content\/uploads\/2022\/05\/03-1.jpg","width":1200,"height":1200},{"@type":"BreadcrumbList","@id":"https:\/\/vidaplena.com.co\/tienda\/producto\/tarjeta-regalo-2\/#breadcrumb","itemListElement":[{"@type":"ListItem","position":1,"name":"Home","item":"https:\/\/vidaplena.com.co\/tienda\/"},{"@type":"ListItem","position":2,"name":"Tienda","item":"https:\/\/vidaplena.com.co\/tienda\/"},{"@type":"ListItem","position":3,"name":"Tarjeta Regalo"}]},{"@type":"WebSite","@id":"https:\/\/vidaplena.com.co\/tienda\/#website","url":"https:\/\/vidaplena.com.co\/tienda\/","name":"Tienda Vida Plena","description":"Productos de Medicina Alternativa","potentialAction":[{"@type":"SearchAction","target":{"@type":"EntryPoint","urlTemplate":"https:\/\/vidaplena.com.co\/tienda\/?s={search_term_string}"},"query-input":{"@type":"PropertyValueSpecification","valueRequired":true,"valueName":"search_term_string"}}],"inLanguage":"es"}]}},"_links":{"self":[{"href":"https:\/\/vidaplena.com.co\/tienda\/wp-json\/wp\/v2\/product\/136","targetHints":{"allow":["GET"]}}],"collection":[{"href":"https:\/\/vidaplena.com.co\/tienda\/wp-json\/wp\/v2\/product"}],"about":[{"href":"https:\/\/vidaplena.com.co\/tienda\/wp-json\/wp\/v2\/types\/product"}],"replies":[{"embeddable":true,"href":"https:\/\/vidaplena.com.co\/tienda\/wp-json\/wp\/v2\/comments?post=136"}],"wp:featuredmedia":[{"embeddable":true,"href":"https:\/\/vidaplena.com.co\/tienda\/wp-json\/wp\/v2\/media\/167"}],"wp:attachment":[{"href":"https:\/\/vidaplena.com.co\/tienda\/wp-json\/wp\/v2\/media?parent=136"}],"wp:term":[{"taxonomy":"product_brand","embeddable":true,"href":"https:\/\/vidaplena.com.co\/tienda\/wp-json\/wp\/v2\/product_brand?post=136"},{"taxonomy":"product_cat","embeddable":true,"href":"https:\/\/vidaplena.com.co\/tienda\/wp-json\/wp\/v2\/product_cat?post=136"},{"taxonomy":"product_tag","embeddable":true,"href":"https:\/\/vidaplena.com.co\/tienda\/wp-json\/wp\/v2\/product_tag?post=136"}],"curies":[{"name":"wp","href":"https:\/\/api.w.org\/{rel}","templated":true}]}}